{"id":53,"date":"2019-03-13T22:00:48","date_gmt":"2019-03-13T22:00:48","guid":{"rendered":"http:\/\/corina-roth.de\/?page_id=53"},"modified":"2024-01-29T15:37:13","modified_gmt":"2024-01-29T15:37:13","slug":"naturkinder","status":"publish","type":"page","link":"https:\/\/corina-roth.de\/?page_id=53","title":{"rendered":"Naturkinder"},"content":{"rendered":"\n<p>Natur wirkt. Wer sich drau\u00dfen bewegt, ist fitter, ausgeglichener und konzentrierter. Gerade Kinder brauchen solche Freir\u00e4ume auch, um spielerisch eigene Erfahrungen zu sammeln. Denn die Natur steckt voller Entdeckungen und Abenteuer. Da werden \u00c4ste zu Schwertern, der Fels zur Festung, und auf der Lichtung tummeln sich nachts bestimmt die Elfen.<\/p>\n\n\n\n<figure class=\"is-layout-flex wp-block-gallery-1 wp-block-gallery aligncenter has-nested-images columns-default\">\n<figure class=\"wp-block-image\"><img decoding=\"async\" loading=\"lazy\" width=\"1024\" height=\"768\" data-id=\"288\"  src=\"https:\/\/corina-roth.de\/wp-content\/uploads\/2019\/12\/20191118_161313-1024x768.jpg\" alt=\"\" class=\"wp-image-288\" srcset=\"https:\/\/corina-roth.de\/wp-content\/uploads\/2019\/12\/20191118_161313-1024x768.jpg 1024w, https:\/\/corina-roth.de\/wp-content\/uploads\/2019\/12\/20191118_161313-300x225.jpg 300w, https:\/\/corina-roth.de\/wp-content\/uploads\/2019\/12\/20191118_161313-768x576.jpg 768w, https:\/\/corina-roth.de\/wp-content\/uploads\/2019\/12\/20191118_161313-700x525.jpg 700w, https:\/\/corina-roth.de\/wp-content\/uploads\/2019\/12\/20191118_161313-2000x1500.jpg 2000w, https:\/\/corina-roth.de\/wp-content\/uploads\/2019\/12\/20191118_161313-533x400.jpg 533w\" sizes=\"(max-width: 1024px) 100vw, 1024px\" \/><\/figure>\n<\/figure>\n\n\n\n<p>Unsere Waldorf-Naturp\u00e4dagogik soll den Kindern die Zeit und den Raum daf\u00fcr geben, in der Natur zu spielen, zu werken, zu basteln, zu singen, gemeinsam t\u00e4tig sein, die Wiese, den Wald unmittelbar nahe zu erleben, ersp\u00fcren und sie selbst sein zu d\u00fcrfen.<\/p>\n\n\n\n<p>Wir m\u00f6chten den Kindern von 3-6 Jahren die M\u00f6glichkeit einr\u00e4umen, ihre ganz eigene Verbindung zur Natur zu leben.<\/p>\n\n\n\n<p>T\u00e4tigkeiten: Natur erleben, Walddurchstreifungen, Holzwerken, Schnitzen, Filzen mit Schafwolle, Feuer machen, Stockbrot\/Pfannenbrot, Niedrigseilelemente von Baum zu Baum erbauen, Geschichten h\u00f6ren, Singen, Malen mit Aquarell- und Erdfarben, Feste feiern, \u2026 und vieles mehr.<\/p>\n\n\n\n<p><\/p>\n\n\n\n<p>Dieses Projekt findet im Rahmen des Vereins &#8222;Naturkinder Waldlicht- Verein zur Wahrung ganzheitlicher Lebensweise&#8220; statt. Mehr unter: <a href=\"http:\/\/naturkinder-waldlicht.info\">http:\/\/naturkinder-waldlicht.info<\/a><\/p>\n\n\n\n<figure class=\"is-layout-flex wp-block-gallery-3 wp-block-gallery aligncenter has-nested-images columns-default is-cropped\">\n<figure class=\"wp-block-image\"><img decoding=\"async\" loading=\"lazy\" width=\"804\" height=\"1024\" data-id=\"121\"  src=\"https:\/\/corina-roth.de\/wp-content\/uploads\/2019\/03\/20180417_092623-804x1024.jpg\" alt=\"\" class=\"wp-image-121\" srcset=\"https:\/\/corina-roth.de\/wp-content\/uploads\/2019\/03\/20180417_092623-804x1024.jpg 804w, https:\/\/corina-roth.de\/wp-content\/uploads\/2019\/03\/20180417_092623-235x300.jpg 235w, https:\/\/corina-roth.de\/wp-content\/uploads\/2019\/03\/20180417_092623-768x979.jpg 768w, https:\/\/corina-roth.de\/wp-content\/uploads\/2019\/03\/20180417_092623-700x892.jpg 700w, https:\/\/corina-roth.de\/wp-content\/uploads\/2019\/03\/20180417_092623-2000x2549.jpg 2000w, https:\/\/corina-roth.de\/wp-content\/uploads\/2019\/03\/20180417_092623-314x400.jpg 314w\" sizes=\"(max-width: 804px) 100vw, 804px\" \/><figcaption class=\"wp-element-caption\">Schneckensammlung<\/figcaption><\/figure>\n\n\n\n<figure class=\"wp-block-image\"><img decoding=\"async\" loading=\"lazy\" width=\"1024\" height=\"636\" data-id=\"129\"  src=\"https:\/\/corina-roth.de\/wp-content\/uploads\/2019\/03\/20181008_114817-1024x636.jpg\" alt=\"\" class=\"wp-image-129\" srcset=\"https:\/\/corina-roth.de\/wp-content\/uploads\/2019\/03\/20181008_114817-1024x636.jpg 1024w, https:\/\/corina-roth.de\/wp-content\/uploads\/2019\/03\/20181008_114817-300x186.jpg 300w, https:\/\/corina-roth.de\/wp-content\/uploads\/2019\/03\/20181008_114817-768x477.jpg 768w, https:\/\/corina-roth.de\/wp-content\/uploads\/2019\/03\/20181008_114817-700x435.jpg 700w, https:\/\/corina-roth.de\/wp-content\/uploads\/2019\/03\/20181008_114817-2000x1243.jpg 2000w, https:\/\/corina-roth.de\/wp-content\/uploads\/2019\/03\/20181008_114817-644x400.jpg 644w\" sizes=\"(max-width: 1024px) 100vw, 1024px\" \/><figcaption class=\"wp-element-caption\">Mandala Erntedank<\/figcaption><\/figure>\n\n\n\n<figure class=\"wp-block-image\"><img decoding=\"async\" loading=\"lazy\" width=\"1024\" height=\"664\" data-id=\"126\"  src=\"https:\/\/corina-roth.de\/wp-content\/uploads\/2019\/03\/20181120_113438-1024x664.jpg\" alt=\"\" class=\"wp-image-126\" srcset=\"https:\/\/corina-roth.de\/wp-content\/uploads\/2019\/03\/20181120_113438-1024x664.jpg 1024w, https:\/\/corina-roth.de\/wp-content\/uploads\/2019\/03\/20181120_113438-300x195.jpg 300w, https:\/\/corina-roth.de\/wp-content\/uploads\/2019\/03\/20181120_113438-768x498.jpg 768w, https:\/\/corina-roth.de\/wp-content\/uploads\/2019\/03\/20181120_113438-700x454.jpg 700w, https:\/\/corina-roth.de\/wp-content\/uploads\/2019\/03\/20181120_113438-2000x1298.jpg 2000w, https:\/\/corina-roth.de\/wp-content\/uploads\/2019\/03\/20181120_113438-616x400.jpg 616w\" sizes=\"(max-width: 1024px) 100vw, 1024px\" \/><figcaption class=\"wp-element-caption\">Puppenspiel &#8222;Das Hirtenb\u00fcblein&#8220;<\/figcaption><\/figure>\n\n\n\n<figure class=\"wp-block-image\"><img decoding=\"async\" loading=\"lazy\" width=\"937\" height=\"1024\" data-id=\"186\"  src=\"https:\/\/corina-roth.de\/wp-content\/uploads\/2019\/03\/20180312_112944-1-937x1024.jpg\" alt=\"\" class=\"wp-image-186\" srcset=\"https:\/\/corina-roth.de\/wp-content\/uploads\/2019\/03\/20180312_112944-1-937x1024.jpg 937w, https:\/\/corina-roth.de\/wp-content\/uploads\/2019\/03\/20180312_112944-1-274x300.jpg 274w, https:\/\/corina-roth.de\/wp-content\/uploads\/2019\/03\/20180312_112944-1-768x840.jpg 768w, https:\/\/corina-roth.de\/wp-content\/uploads\/2019\/03\/20180312_112944-1-700x765.jpg 700w, https:\/\/corina-roth.de\/wp-content\/uploads\/2019\/03\/20180312_112944-1-2000x2187.jpg 2000w, https:\/\/corina-roth.de\/wp-content\/uploads\/2019\/03\/20180312_112944-1-366x400.jpg 366w\" sizes=\"(max-width: 937px) 100vw, 937px\" \/><figcaption class=\"wp-element-caption\">die Seele baumeln lassen&#8230;<\/figcaption><\/figure>\n<\/figure>\n\n\n<div class=\"wp-block-image\">\n<figure class=\"aligncenter\"><img decoding=\"async\" loading=\"lazy\" width=\"1024\" height=\"768\" src=\"http:\/\/corina-roth.de\/wp-content\/uploads\/2019\/03\/Kopie-von-20180713_204329-1024x768.jpg\" alt=\"\" class=\"wp-image-187\" srcset=\"https:\/\/corina-roth.de\/wp-content\/uploads\/2019\/03\/Kopie-von-20180713_204329-1024x768.jpg 1024w, https:\/\/corina-roth.de\/wp-content\/uploads\/2019\/03\/Kopie-von-20180713_204329-300x225.jpg 300w, https:\/\/corina-roth.de\/wp-content\/uploads\/2019\/03\/Kopie-von-20180713_204329-768x576.jpg 768w, https:\/\/corina-roth.de\/wp-content\/uploads\/2019\/03\/Kopie-von-20180713_204329-700x525.jpg 700w, https:\/\/corina-roth.de\/wp-content\/uploads\/2019\/03\/Kopie-von-20180713_204329-2000x1500.jpg 2000w, https:\/\/corina-roth.de\/wp-content\/uploads\/2019\/03\/Kopie-von-20180713_204329-533x400.jpg 533w\" sizes=\"(max-width: 1024px) 100vw, 1024px\" \/><figcaption class=\"wp-element-caption\">Sonnenuntergang am Berg<\/figcaption><\/figure><\/div>\n\n\n<figure class=\"is-layout-flex wp-block-gallery-5 wp-block-gallery aligncenter has-nested-images columns-default is-cropped\">\n<figure class=\"wp-block-image\"><img decoding=\"async\" loading=\"lazy\" width=\"768\" height=\"1024\" data-id=\"291\"  src=\"https:\/\/corina-roth.de\/wp-content\/uploads\/2019\/12\/20191216_153331-e1577352855813-768x1024.jpg\" alt=\"\" class=\"wp-image-291\" srcset=\"https:\/\/corina-roth.de\/wp-content\/uploads\/2019\/12\/20191216_153331-e1577352855813-768x1024.jpg 768w, https:\/\/corina-roth.de\/wp-content\/uploads\/2019\/12\/20191216_153331-e1577352855813-225x300.jpg 225w, https:\/\/corina-roth.de\/wp-content\/uploads\/2019\/12\/20191216_153331-e1577352855813-700x933.jpg 700w, https:\/\/corina-roth.de\/wp-content\/uploads\/2019\/12\/20191216_153331-e1577352855813-2000x2667.jpg 2000w, https:\/\/corina-roth.de\/wp-content\/uploads\/2019\/12\/20191216_153331-e1577352855813-300x400.jpg 300w\" sizes=\"(max-width: 768px) 100vw, 768px\" \/><\/figure>\n\n\n\n<figure class=\"wp-block-image\"><img decoding=\"async\" loading=\"lazy\" width=\"1024\" height=\"768\" data-id=\"278\"  src=\"https:\/\/corina-roth.de\/wp-content\/uploads\/2019\/12\/20191021_142740-1024x768.jpg\" alt=\"\" class=\"wp-image-278\" srcset=\"https:\/\/corina-roth.de\/wp-content\/uploads\/2019\/12\/20191021_142740-1024x768.jpg 1024w, https:\/\/corina-roth.de\/wp-content\/uploads\/2019\/12\/20191021_142740-300x225.jpg 300w, https:\/\/corina-roth.de\/wp-content\/uploads\/2019\/12\/20191021_142740-768x576.jpg 768w, https:\/\/corina-roth.de\/wp-content\/uploads\/2019\/12\/20191021_142740-700x525.jpg 700w, https:\/\/corina-roth.de\/wp-content\/uploads\/2019\/12\/20191021_142740-2000x1500.jpg 2000w, https:\/\/corina-roth.de\/wp-content\/uploads\/2019\/12\/20191021_142740-533x400.jpg 533w\" sizes=\"(max-width: 1024px) 100vw, 1024px\" \/><\/figure>\n\n\n\n<figure class=\"wp-block-image\"><img decoding=\"async\" loading=\"lazy\" width=\"768\" height=\"1024\" data-id=\"284\"  src=\"https:\/\/corina-roth.de\/wp-content\/uploads\/2019\/12\/20191104_145435-e1577352796925-768x1024.jpg\" alt=\"\" class=\"wp-image-284\" srcset=\"https:\/\/corina-roth.de\/wp-content\/uploads\/2019\/12\/20191104_145435-e1577352796925-768x1024.jpg 768w, https:\/\/corina-roth.de\/wp-content\/uploads\/2019\/12\/20191104_145435-e1577352796925-225x300.jpg 225w, https:\/\/corina-roth.de\/wp-content\/uploads\/2019\/12\/20191104_145435-e1577352796925-700x933.jpg 700w, https:\/\/corina-roth.de\/wp-content\/uploads\/2019\/12\/20191104_145435-e1577352796925-2000x2667.jpg 2000w, https:\/\/corina-roth.de\/wp-content\/uploads\/2019\/12\/20191104_145435-e1577352796925-300x400.jpg 300w\" sizes=\"(max-width: 768px) 100vw, 768px\" \/><\/figure>\n\n\n\n<figure class=\"wp-block-image\"><img decoding=\"async\" loading=\"lazy\" width=\"1024\" height=\"768\" data-id=\"275\"  src=\"https:\/\/corina-roth.de\/wp-content\/uploads\/2019\/12\/20190612_115146-1024x768.jpg\" alt=\"\" class=\"wp-image-275\" srcset=\"https:\/\/corina-roth.de\/wp-content\/uploads\/2019\/12\/20190612_115146-1024x768.jpg 1024w, https:\/\/corina-roth.de\/wp-content\/uploads\/2019\/12\/20190612_115146-300x225.jpg 300w, https:\/\/corina-roth.de\/wp-content\/uploads\/2019\/12\/20190612_115146-768x576.jpg 768w, https:\/\/corina-roth.de\/wp-content\/uploads\/2019\/12\/20190612_115146-700x525.jpg 700w, https:\/\/corina-roth.de\/wp-content\/uploads\/2019\/12\/20190612_115146-2000x1500.jpg 2000w, https:\/\/corina-roth.de\/wp-content\/uploads\/2019\/12\/20190612_115146-533x400.jpg 533w\" sizes=\"(max-width: 1024px) 100vw, 1024px\" \/><\/figure>\n\n\n\n<figure class=\"wp-block-image\"><img decoding=\"async\" loading=\"lazy\" width=\"768\" height=\"1024\" data-id=\"280\"  src=\"https:\/\/corina-roth.de\/wp-content\/uploads\/2019\/12\/20191021_160811-e1577352749134-768x1024.jpg\" alt=\"\" class=\"wp-image-280\" srcset=\"https:\/\/corina-roth.de\/wp-content\/uploads\/2019\/12\/20191021_160811-e1577352749134-768x1024.jpg 768w, https:\/\/corina-roth.de\/wp-content\/uploads\/2019\/12\/20191021_160811-e1577352749134-225x300.jpg 225w, https:\/\/corina-roth.de\/wp-content\/uploads\/2019\/12\/20191021_160811-e1577352749134-700x933.jpg 700w, https:\/\/corina-roth.de\/wp-content\/uploads\/2019\/12\/20191021_160811-e1577352749134-2000x2667.jpg 2000w, https:\/\/corina-roth.de\/wp-content\/uploads\/2019\/12\/20191021_160811-e1577352749134-300x400.jpg 300w\" sizes=\"(max-width: 768px) 100vw, 768px\" \/><\/figure>\n\n\n\n<figure class=\"wp-block-image\"><img decoding=\"async\" loading=\"lazy\" width=\"768\" height=\"1024\" data-id=\"282\"  src=\"https:\/\/corina-roth.de\/wp-content\/uploads\/2019\/12\/20191028_142127-e1577352778253-768x1024.jpg\" alt=\"\" class=\"wp-image-282\" srcset=\"https:\/\/corina-roth.de\/wp-content\/uploads\/2019\/12\/20191028_142127-e1577352778253-768x1024.jpg 768w, https:\/\/corina-roth.de\/wp-content\/uploads\/2019\/12\/20191028_142127-e1577352778253-225x300.jpg 225w, https:\/\/corina-roth.de\/wp-content\/uploads\/2019\/12\/20191028_142127-e1577352778253-700x933.jpg 700w, https:\/\/corina-roth.de\/wp-content\/uploads\/2019\/12\/20191028_142127-e1577352778253-2000x2667.jpg 2000w, https:\/\/corina-roth.de\/wp-content\/uploads\/2019\/12\/20191028_142127-e1577352778253-300x400.jpg 300w\" sizes=\"(max-width: 768px) 100vw, 768px\" \/><\/figure>\n\n\n\n<figure class=\"wp-block-image\"><img decoding=\"async\" loading=\"lazy\" width=\"1024\" height=\"768\" data-id=\"290\"  src=\"https:\/\/corina-roth.de\/wp-content\/uploads\/2019\/12\/20191209_152008-1024x768.jpg\" alt=\"\" class=\"wp-image-290\" srcset=\"https:\/\/corina-roth.de\/wp-content\/uploads\/2019\/12\/20191209_152008-1024x768.jpg 1024w, https:\/\/corina-roth.de\/wp-content\/uploads\/2019\/12\/20191209_152008-300x225.jpg 300w, https:\/\/corina-roth.de\/wp-content\/uploads\/2019\/12\/20191209_152008-768x576.jpg 768w, https:\/\/corina-roth.de\/wp-content\/uploads\/2019\/12\/20191209_152008-700x525.jpg 700w, https:\/\/corina-roth.de\/wp-content\/uploads\/2019\/12\/20191209_152008-2000x1500.jpg 2000w, https:\/\/corina-roth.de\/wp-content\/uploads\/2019\/12\/20191209_152008-533x400.jpg 533w\" sizes=\"(max-width: 1024px) 100vw, 1024px\" \/><\/figure>\n\n\n\n<figure class=\"wp-block-image\"><img decoding=\"async\" loading=\"lazy\" width=\"768\" height=\"1024\" data-id=\"292\"  src=\"https:\/\/corina-roth.de\/wp-content\/uploads\/2019\/12\/20191216_161001-e1577352838356-768x1024.jpg\" alt=\"\" class=\"wp-image-292\" srcset=\"https:\/\/corina-roth.de\/wp-content\/uploads\/2019\/12\/20191216_161001-e1577352838356-768x1024.jpg 768w, https:\/\/corina-roth.de\/wp-content\/uploads\/2019\/12\/20191216_161001-e1577352838356-225x300.jpg 225w, https:\/\/corina-roth.de\/wp-content\/uploads\/2019\/12\/20191216_161001-e1577352838356-700x933.jpg 700w, https:\/\/corina-roth.de\/wp-content\/uploads\/2019\/12\/20191216_161001-e1577352838356-2000x2667.jpg 2000w, https:\/\/corina-roth.de\/wp-content\/uploads\/2019\/12\/20191216_161001-e1577352838356-300x400.jpg 300w\" sizes=\"(max-width: 768px) 100vw, 768px\" \/><\/figure>\n\n\n\n<figure class=\"wp-block-image\"><img decoding=\"async\" loading=\"lazy\" width=\"1024\" height=\"768\" data-id=\"279\"  src=\"https:\/\/corina-roth.de\/wp-content\/uploads\/2019\/12\/20191021_155901-1024x768.jpg\" alt=\"\" class=\"wp-image-279\" srcset=\"https:\/\/corina-roth.de\/wp-content\/uploads\/2019\/12\/20191021_155901-1024x768.jpg 1024w, https:\/\/corina-roth.de\/wp-content\/uploads\/2019\/12\/20191021_155901-300x225.jpg 300w, https:\/\/corina-roth.de\/wp-content\/uploads\/2019\/12\/20191021_155901-768x576.jpg 768w, https:\/\/corina-roth.de\/wp-content\/uploads\/2019\/12\/20191021_155901-700x525.jpg 700w, https:\/\/corina-roth.de\/wp-content\/uploads\/2019\/12\/20191021_155901-2000x1500.jpg 2000w, https:\/\/corina-roth.de\/wp-content\/uploads\/2019\/12\/20191021_155901-533x400.jpg 533w\" sizes=\"(max-width: 1024px) 100vw, 1024px\" \/><\/figure>\n<\/figure>\n\n\n<div class=\"wp-block-image\">\n<figure class=\"aligncenter\"><img decoding=\"async\" loading=\"lazy\" width=\"1024\" height=\"768\" src=\"http:\/\/corina-roth.de\/wp-content\/uploads\/2019\/12\/20191118_155607-1024x768.jpg\" alt=\"\" class=\"wp-image-287\" srcset=\"https:\/\/corina-roth.de\/wp-content\/uploads\/2019\/12\/20191118_155607-1024x768.jpg 1024w, https:\/\/corina-roth.de\/wp-content\/uploads\/2019\/12\/20191118_155607-300x225.jpg 300w, https:\/\/corina-roth.de\/wp-content\/uploads\/2019\/12\/20191118_155607-768x576.jpg 768w, https:\/\/corina-roth.de\/wp-content\/uploads\/2019\/12\/20191118_155607-700x525.jpg 700w, https:\/\/corina-roth.de\/wp-content\/uploads\/2019\/12\/20191118_155607-2000x1500.jpg 2000w, https:\/\/corina-roth.de\/wp-content\/uploads\/2019\/12\/20191118_155607-533x400.jpg 533w\" sizes=\"(max-width: 1024px) 100vw, 1024px\" \/><\/figure><\/div>\n\n\n<h2>Die Naturkinder bauen ein Iglu<\/h2>\n\n\n\n<p>Einmal ein richtiges Iglu zu bauen \u2013 der Traum eines jeden Kindes.<\/p>\n\n\n\n<p>In\nden kalten Wintermonaten zwischen Neujahr und Fasching, wenn der\nSchnee die Erde eingeh\u00fcllt hat, bauen Naturkinder ein Iglu. Stolz\nist danach jeder, der mit vollem Einsatz Schnee getrampelt und\ngemauert hat.<\/p>\n\n\n\n<p>Gem\u00fctlich\nbei einem Tee h\u00f6ren wir in der fertigen Schneebehausung eine\nWintergeschichte\u2026<\/p>\n\n\n\n<p>Zeitraum:\n3 Stunden<\/p>\n\n\n\n<p>Alter der Kinder: ab 6 Jahren, max. 5 Teilnehmer, auch Eltern sind erlaubt.<\/p>\n\n\n\n<figure class=\"is-layout-flex wp-block-gallery-7 wp-block-gallery has-nested-images columns-default is-cropped\">\n<figure class=\"wp-block-image\"><img decoding=\"async\" loading=\"lazy\" width=\"1024\" height=\"768\" data-id=\"127\"  src=\"https:\/\/corina-roth.de\/wp-content\/uploads\/2019\/03\/20190204_094603-1024x768.jpg\" alt=\"\" class=\"wp-image-127\" srcset=\"https:\/\/corina-roth.de\/wp-content\/uploads\/2019\/03\/20190204_094603-1024x768.jpg 1024w, https:\/\/corina-roth.de\/wp-content\/uploads\/2019\/03\/20190204_094603-300x225.jpg 300w, https:\/\/corina-roth.de\/wp-content\/uploads\/2019\/03\/20190204_094603-768x576.jpg 768w, https:\/\/corina-roth.de\/wp-content\/uploads\/2019\/03\/20190204_094603-700x525.jpg 700w, https:\/\/corina-roth.de\/wp-content\/uploads\/2019\/03\/20190204_094603-2000x1500.jpg 2000w, https:\/\/corina-roth.de\/wp-content\/uploads\/2019\/03\/20190204_094603-533x400.jpg 533w\" sizes=\"(max-width: 1024px) 100vw, 1024px\" \/><figcaption class=\"wp-element-caption\">Notbiwak mit Eingangslicht<\/figcaption><\/figure>\n\n\n\n<figure class=\"wp-block-image\"><img decoding=\"async\" loading=\"lazy\" width=\"768\" height=\"1024\" data-id=\"128\"  src=\"https:\/\/corina-roth.de\/wp-content\/uploads\/2019\/03\/20190204_094620-e1552644941972-768x1024.jpg\" alt=\"\" class=\"wp-image-128\" srcset=\"https:\/\/corina-roth.de\/wp-content\/uploads\/2019\/03\/20190204_094620-e1552644941972-768x1024.jpg 768w, https:\/\/corina-roth.de\/wp-content\/uploads\/2019\/03\/20190204_094620-e1552644941972-225x300.jpg 225w, https:\/\/corina-roth.de\/wp-content\/uploads\/2019\/03\/20190204_094620-e1552644941972-700x933.jpg 700w, https:\/\/corina-roth.de\/wp-content\/uploads\/2019\/03\/20190204_094620-e1552644941972-2000x2667.jpg 2000w, https:\/\/corina-roth.de\/wp-content\/uploads\/2019\/03\/20190204_094620-e1552644941972-300x400.jpg 300w\" sizes=\"(max-width: 768px) 100vw, 768px\" \/><\/figure>\n<\/figure>\n\n\n\n<p><\/p>\n\n\n\n<figure class=\"wp-block-image\"><img decoding=\"async\" loading=\"lazy\" width=\"800\" height=\"183\" src=\"http:\/\/corina-roth.de\/wp-content\/uploads\/2023\/01\/bsfvb-logo-800x183px-transp-4.png\" alt=\"\" class=\"wp-image-2947\" srcset=\"https:\/\/corina-roth.de\/wp-content\/uploads\/2023\/01\/bsfvb-logo-800x183px-transp-4.png 800w, https:\/\/corina-roth.de\/wp-content\/uploads\/2023\/01\/bsfvb-logo-800x183px-transp-4-300x69.png 300w, https:\/\/corina-roth.de\/wp-content\/uploads\/2023\/01\/bsfvb-logo-800x183px-transp-4-768x176.png 768w, https:\/\/corina-roth.de\/wp-content\/uploads\/2023\/01\/bsfvb-logo-800x183px-transp-4-700x160.png 700w\" sizes=\"(max-width: 800px) 100vw, 800px\" \/><\/figure>\n\n\n\n<p><br><\/p>\n","protected":false},"excerpt":{"rendered":"<p>Natur wirkt. Wer sich drau\u00dfen bewegt, ist fitter, ausgeglichener und konzentrierter. Gerade Kinder brauchen solche Freir\u00e4ume auch, um spielerisch eigene Erfahrungen zu sammeln. Denn die Natur steckt voller Entdeckungen und Abenteuer. Da werden \u00c4ste zu Schwertern, der Fels zur Festung, und auf der Lichtung tummeln sich nachts bestimmt die Elfen. Unsere Waldorf-Naturp\u00e4dagogik soll den Kindern &hellip; <a href=\"https:\/\/corina-roth.de\/?page_id=53\" class=\"more-link\"><span class=\"screen-reader-text\">Naturkinder<\/span> weiterlesen <span class=\"meta-nav\">&rarr;<\/span><\/a><\/p>\n","protected":false},"author":1,"featured_media":119,"parent":0,"menu_order":0,"comment_status":"closed","ping_status":"closed","template":"","meta":[],"_links":{"self":[{"href":"https:\/\/corina-roth.de\/index.php?rest_route=\/wp\/v2\/pages\/53"}],"collection":[{"href":"https:\/\/corina-roth.de\/index.php?rest_route=\/wp\/v2\/pages"}],"about":[{"href":"https:\/\/corina-roth.de\/index.php?rest_route=\/wp\/v2\/types\/page"}],"author":[{"embeddable":true,"href":"https:\/\/corina-roth.de\/index.php?rest_route=\/wp\/v2\/users\/1"}],"replies":[{"embeddable":true,"href":"https:\/\/corina-roth.de\/index.php?rest_route=%2Fwp%2Fv2%2Fcomments&post=53"}],"version-history":[{"count":41,"href":"https:\/\/corina-roth.de\/index.php?rest_route=\/wp\/v2\/pages\/53\/revisions"}],"predecessor-version":[{"id":3222,"href":"https:\/\/corina-roth.de\/index.php?rest_route=\/wp\/v2\/pages\/53\/revisions\/3222"}],"wp:featuredmedia":[{"embeddable":true,"href":"https:\/\/corina-roth.de\/index.php?rest_route=\/wp\/v2\/media\/119"}],"wp:attachment":[{"href":"https:\/\/corina-roth.de\/index.php?rest_route=%2Fwp%2Fv2%2Fmedia&parent=53"}],"curies":[{"name":"wp","href":"https:\/\/api.w.org\/{rel}","templated":true}]}}