{"id":55,"date":"2019-03-13T22:01:00","date_gmt":"2019-03-13T22:01:00","guid":{"rendered":"http:\/\/corina-roth.de\/?page_id=55"},"modified":"2024-01-29T15:16:33","modified_gmt":"2024-01-29T15:16:33","slug":"philosophie","status":"publish","type":"page","link":"https:\/\/corina-roth.de\/?page_id=55","title":{"rendered":"Philosophie"},"content":{"rendered":"\n<p>\nAbenteuer \u2013 Zeit f\u00fcr die Seele\n\n<\/p>\n\n\n<div class=\"wp-block-image\">\n<figure class=\"aligncenter is-resized\"><img decoding=\"async\" loading=\"lazy\" src=\"http:\/\/corina-roth.de\/wp-content\/uploads\/2019\/03\/20190109_000050.jpg\" alt=\"\" class=\"wp-image-100\" width=\"294\" height=\"391\" srcset=\"https:\/\/corina-roth.de\/wp-content\/uploads\/2019\/03\/20190109_000050.jpg 720w, https:\/\/corina-roth.de\/wp-content\/uploads\/2019\/03\/20190109_000050-225x300.jpg 225w, https:\/\/corina-roth.de\/wp-content\/uploads\/2019\/03\/20190109_000050-700x933.jpg 700w, https:\/\/corina-roth.de\/wp-content\/uploads\/2019\/03\/20190109_000050-300x400.jpg 300w\" sizes=\"(max-width: 294px) 100vw, 294px\" \/><figcaption class=\"wp-element-caption\">im Wilden Kaiser<\/figcaption><\/figure><\/div>\n\n\n<p>Lebe f\u00fcr die Momente, die Du nicht in Worte fassen kannst <br><\/p>\n\n\n\n<p>Tiefempfundene Momente des Gl\u00fccks und der Freude m\u00f6chte ich teilen und erm\u00f6glichen, fernab vom Trubel der Zivilisation.<\/p>\n\n\n\n<p>Ist es doch das, was wir in der heutigen Zeit zunehmend verlieren in der Hektik des Alltags.  <\/p>\n\n\n\n<p>Mit meiner Vision und meinem Tun m\u00f6chte ich Menschen begleiten, wieder gegenw\u00e4rtig zu sein, staunen zu k\u00f6nnen und die einfachen Sch\u00f6nheiten des Lebens zu sehen, zu lieben, was die Natur uns bereith\u00e4lt \u2013 magische Augenblicke.<\/p>\n\n\n\n<p>Das Klettern in seiner Pr\u00e4zision lenkt unseren vollen Fokus und die Konzentration auf die Bewegung im Augenblick. An der Wand sind wir im Hier und Jetzt. Der Geist kann sich entspannen und Gedanken, die um den Alltag und die Arbeitswelt kreisen, verschwinden. Das Klettern und Bouldern st\u00e4rkt auch das Selbstwertgef\u00fchl, wenn wir erfolgreich eine Route oder ein Boulderproblem gel\u00f6st und geschafft haben. Der ganze Mensch w\u00e4chst auf verschiedenen Ebenen und wird in seiner Pers\u00f6nlichkeit gest\u00e4rkt. Mit Freude erlebe ich Menschen, wie sie dabei \u00fcber sich selbst hinauswachsen.  <\/p>\n\n\n<div class=\"wp-block-image\">\n<figure class=\"aligncenter size-large is-resized\"><img decoding=\"async\" loading=\"lazy\" src=\"https:\/\/corina-roth.de\/wp-content\/uploads\/2023\/07\/AG101489-1024x747.jpg\" alt=\"\" class=\"wp-image-3002\" width=\"291\" height=\"211\" srcset=\"https:\/\/corina-roth.de\/wp-content\/uploads\/2023\/07\/AG101489-1024x747.jpg 1024w, https:\/\/corina-roth.de\/wp-content\/uploads\/2023\/07\/AG101489-300x219.jpg 300w, https:\/\/corina-roth.de\/wp-content\/uploads\/2023\/07\/AG101489-768x560.jpg 768w, https:\/\/corina-roth.de\/wp-content\/uploads\/2023\/07\/AG101489-1536x1120.jpg 1536w, https:\/\/corina-roth.de\/wp-content\/uploads\/2023\/07\/AG101489-2048x1493.jpg 2048w, https:\/\/corina-roth.de\/wp-content\/uploads\/2023\/07\/AG101489-700x510.jpg 700w, https:\/\/corina-roth.de\/wp-content\/uploads\/2023\/07\/AG101489-2000x1458.jpg 2000w, https:\/\/corina-roth.de\/wp-content\/uploads\/2023\/07\/AG101489-549x400.jpg 549w\" sizes=\"(max-width: 291px) 100vw, 291px\" \/><\/figure><\/div>\n\n\n<p>In meiner \u00fcber ein Jahrzehnt lang gesammelten Erfahrung in der Waldp\u00e4dagogik mit Kindern &#8211; das ganze Jahr ausschlie\u00dflich drau\u00dfen in der Natur &#8211; konnte ich erleben, welch beachtenswerte Vielfalt an besonderen F\u00e4higkeiten sie am Drau\u00dfensein \u00fcber Stock und Stein erlernen.<\/p>\n\n\n\n<p>Den Kindern m\u00f6chte ich Zeit erm\u00f6glichen, mit dem ganzen K\u00f6rper das Leben zu sp\u00fcren und im selbstwirksamen T\u00e4tigsein zu erfassen. So k\u00f6nnen sie die besonderen kleinen Details, welche die Erde in ihrer Vielfalt hervorbringt, wahrnehmen und sich vollumf\u00e4nglich ihrem Wesen entsprechend entfalten.  <\/p>\n\n\n\n<p>Dabei ist mir Nachhaltigkeit, Achtsamkeit, Konsumvermeidung und Lebensfreude wichtig.<\/p>\n\n\n\n<figure class=\"wp-block-image\"><img decoding=\"async\" loading=\"lazy\" width=\"1024\" height=\"576\" src=\"http:\/\/corina-roth.de\/wp-content\/uploads\/2020\/10\/20200601_115509-02-011-1024x576.jpeg\" alt=\"\" class=\"wp-image-1123\" srcset=\"https:\/\/corina-roth.de\/wp-content\/uploads\/2020\/10\/20200601_115509-02-011-1024x576.jpeg 1024w, https:\/\/corina-roth.de\/wp-content\/uploads\/2020\/10\/20200601_115509-02-011-300x169.jpeg 300w, https:\/\/corina-roth.de\/wp-content\/uploads\/2020\/10\/20200601_115509-02-011-768x432.jpeg 768w, https:\/\/corina-roth.de\/wp-content\/uploads\/2020\/10\/20200601_115509-02-011-700x394.jpeg 700w, https:\/\/corina-roth.de\/wp-content\/uploads\/2020\/10\/20200601_115509-02-011-2000x1125.jpeg 2000w, https:\/\/corina-roth.de\/wp-content\/uploads\/2020\/10\/20200601_115509-02-011-711x400.jpeg 711w\" sizes=\"(max-width: 1024px) 100vw, 1024px\" \/><\/figure>\n\n\n\n<p>Das Paradies er\u00f6ffnet sich uns dort, wo wir in vollem Ma\u00dfe lebendig sind, wo wir das Lied des nat\u00fcrlich pulsierenden Lebens zu h\u00f6ren verm\u00f6gen und die kleinen Sch\u00e4tze, die uns umgeben, wahrnehmen und uns an ihnen erfreuen k\u00f6nnen.<\/p>\n\n\n\n<p>eigene Wege gehen \u2022 naturverbunden \u2022 Potenzialentfaltung leben<\/p>\n\n\n<div class=\"wp-block-image\">\n<figure class=\"aligncenter is-resized\"><img decoding=\"async\" loading=\"lazy\" src=\"http:\/\/corina-roth.de\/wp-content\/uploads\/2019\/03\/image-2.png\" alt=\"\" class=\"wp-image-110\" width=\"152\" height=\"152\" srcset=\"https:\/\/corina-roth.de\/wp-content\/uploads\/2019\/03\/image-2.png 230w, https:\/\/corina-roth.de\/wp-content\/uploads\/2019\/03\/image-2-150x150.png 150w, https:\/\/corina-roth.de\/wp-content\/uploads\/2019\/03\/image-2-100x100.png 100w\" sizes=\"(max-width: 152px) 100vw, 152px\" \/><\/figure><\/div>","protected":false},"excerpt":{"rendered":"<p>Abenteuer \u2013 Zeit f\u00fcr die Seele Lebe f\u00fcr die Momente, die Du nicht in Worte fassen kannst Tiefempfundene Momente des Gl\u00fccks und der Freude m\u00f6chte ich teilen und erm\u00f6glichen, fernab vom Trubel der Zivilisation. Ist es doch das, was wir in der heutigen Zeit zunehmend verlieren in der Hektik des Alltags. Mit meiner Vision und &hellip; <a href=\"https:\/\/corina-roth.de\/?page_id=55\" class=\"more-link\"><span class=\"screen-reader-text\">Philosophie<\/span> weiterlesen <span class=\"meta-nav\">&rarr;<\/span><\/a><\/p>\n","protected":false},"author":1,"featured_media":79,"parent":0,"menu_order":0,"comment_status":"closed","ping_status":"closed","template":"","meta":[],"_links":{"self":[{"href":"https:\/\/corina-roth.de\/index.php?rest_route=\/wp\/v2\/pages\/55"}],"collection":[{"href":"https:\/\/corina-roth.de\/index.php?rest_route=\/wp\/v2\/pages"}],"about":[{"href":"https:\/\/corina-roth.de\/index.php?rest_route=\/wp\/v2\/types\/page"}],"author":[{"embeddable":true,"href":"https:\/\/corina-roth.de\/index.php?rest_route=\/wp\/v2\/users\/1"}],"replies":[{"embeddable":true,"href":"https:\/\/corina-roth.de\/index.php?rest_route=%2Fwp%2Fv2%2Fcomments&post=55"}],"version-history":[{"count":17,"href":"https:\/\/corina-roth.de\/index.php?rest_route=\/wp\/v2\/pages\/55\/revisions"}],"predecessor-version":[{"id":3132,"href":"https:\/\/corina-roth.de\/index.php?rest_route=\/wp\/v2\/pages\/55\/revisions\/3132"}],"wp:featuredmedia":[{"embeddable":true,"href":"https:\/\/corina-roth.de\/index.php?rest_route=\/wp\/v2\/media\/79"}],"wp:attachment":[{"href":"https:\/\/corina-roth.de\/index.php?rest_route=%2Fwp%2Fv2%2Fmedia&parent=55"}],"curies":[{"name":"wp","href":"https:\/\/api.w.org\/{rel}","templated":true}]}}